sands digit of 2058792?
0
What is the ten thousands digit of 737483?
3
What is the ten thousands digit of 5344679?
4
What is the hundreds digit of 4375933?
9
What is the units digit of 2713109?
9
What is the millions digit of 7120773?
7
What is the thousands digit of 13722743?
2
What is the thousands digit of 80799?
0
What is the ten thousands digit of 50368?
5
What is the hundreds digit of 6909059?
0
What is the thousands digit of 682275?
2
What is the ten thousands digit of 674547?
7
What is the hundred thousands digit of 3817883?
8
What is the hundred thousands digit of 5403802?
4
What is the millions digit of 2421547?
2
What is the units digit of 786077?
7
What is the thousands digit of 1589538?
9
What is the millions digit of 2144656?
2
What is the thousands digit of 694505?
4
What is the hundreds digit of 502368?
3
What is the ten thousands digit of 730142?
3
What is the ten thousands digit of 102471?
0
What is the units digit of 655339?
9
What is the units digit of 18975453?
3
What is the hundreds digit of 382664?
6
What is the ten thousands digit of 1448698?
4
What is the hundreds digit of 59465?
4
What is the hundreds digit of 6011025?
0
What is the ten thousands digit of 1008627?
0
What is the tens digit of 392644?
4
What is the units digit of 23639?
9
What is the hundreds digit of 18761353?
3
What is the thousands digit of 598066?
8
What is the thousands digit of 856694?
6
What is the thousands digit of 7858527?
8
What is the tens digit of 43788?
8
What is the tens digit of 46616?
1
What is the ten thousands digit of 657439?
5
What is the millions digit of 10752138?
0
What is the ten thousands digit of 141829?
4
What is the thousands digit of 193255?
3
What is the thousands digit of 5846899?
6
What is the thousands digit of 137578?
7
What is the ten thousands digit of 869535?
6
What is the tens digit of 1358778?
7
What is the tens digit of 18101581?
8
What is the millions digit of 7361566?
7
What is the hundred thousands digit of 260441?
2
What is the thousands digit of 40487445?
7
What is the ten thousands digit of 8934619?
3
What is the thousands digit of 6895788?
5
What is the ten thousands digit of 29598303?
9
What is the tens digit of 8079663?
6
What is the thousands digit of 15079?
5
What is the units digit of 286624?
4
What is the thousands digit of 2617?
2
What is the thousands digit of 232278?
2
What is the tens digit of 32996?
9
What is the hundreds digit of 137283?
2
What is the units digit of 410953?
3
What is the hundreds digit of 10138545?
5
What is the units digit of 4685567?
7
What is the thousands digit of 3390171?
0
What is the ten thousands digit of 6533218?
3
What is the thousands digit of 225641?
5
What is the millions digit of 3655286?
3
What is the thousands digit of 11148313?
8
What is the units digit of 774474?
4
What is the hundreds digit of 8120419?
4
What is the hundreds digit of 113748?
7
What is the ten thousands digit of 6468287?
6
What is the units digit of 487643?
3
What is the ten thousands digit of 82435?
8
What is the thousands digit of 643327?
3
What is the units digit of 399232?
2
What is the ten thousands digit of 1518998?
1
What is the hundreds digit of 2347533?
5
What is the thousands digit of 911661?
1
What is the ten thousands digit of 183681?
8
What is the units digit of 1796234?
4
What is the units digit of 8432268?
8
What is the thousands digit of 3369950?
9
What is the hundred thousands digit of 142059?
1
What is the thousands digit of 61380?
1
What is the ten thousands digit of 485989?
8
What is the units digit of 1613773?
3
What is the ten thousands digit of 604373?
0
What is the ten thousands digit of 7719081?
1
What is the hundred thousands digit of 763197?
7
What is the hundreds digit of 3361960?
9
What is the tens digit of 1919360?
6
What is the tens digit of 38386?
8
What is the millions digit of 21822201?
1
What is the tens digit of 2374595?
9
What is the hundred thousands digit of 4526699?
5
What is the hundreds digit of 190907?
9
What is the tens digit of 13405187?
8
What is the ten thousands digit of 61231?
6
What is the tens digit of 2077723?
2
What is the units digit of 10236141?
1
What is the thousands digit of 170282?
0
What is the tens digit of 3239795?
9
What is the hundreds digit of 30204281?
2
What is the thousands digit of 22522?
2
What is the units digit of 6211520?
0
What is the hundred thousands digit of 26251792?
2
What is the thousands digit of 1376305?
6
What is the units digit of 598135?
5
What is the thousands digit of 1371385?
1
What is the millions digit of 1420654?
1
What is the hundred thousands digit of 770558?
7
What is the thousands digit of 2444319?
4
What is the hundred thousands digit of 14318551?
3
What is the hundreds digit of 6825246?
2
What is the ten thousands digit of 1053695?
5
What is the hundred thousands digit of 369008?
3
What is the hundreds digit of 144156?
1
What is the ten thousands digit of 2547702?
4
What is the thousands digit of 251980?
1
What is the tens digit of 12653?
5
What is the tens digit of 608112?
1
What is the ten thousands digit of 7355849?
5
What is the hundreds digit of 931210?
2
What is the thousands digit of 2036178?
6
What is the hundreds digit of 632979?
9
What is the ten thousands digit of 549386?
4
What is the units digit of 234674?
4
What is the thousands digit of 402010?
2
What is the tens digit of 14548010?
1
What is the tens digit of 232813?
1
What is the millions digit of 19562970?
9
What is the hundred thousands digit of 450150?
4
What is the ten millions digit of 29255064?
2
What is the millions digit of 13648028?
3
What is the tens digit of 21382?
8
What is the ten millions digit of 18101570?
1
What is the units digit of 6712552?
2
What is the units digit of 13278738?
8
What is the tens digit of 94679?
7
What is the millions digit of 8154629?
8
What is the units digit of 11984027?
7
What is the thousands digit of 1518202?
8
What is the hundreds digit of 2833274?
2
What is the units digit of 97191?
1
What is the tens digit of 1196?
9
What is the hundreds digit of 91791?
7
What is the hundred thousands digit of 4868512?
8
What is the ten thousands digit of 13110315?
1
What is the tens digit of 191025?
2
What is the tens digit of 175683?
8
What is the units digit of 6325976?
6
What is the units digit of 22469802?
2
What is the units digit of 915251?
1
What is the tens digit of 9575833?
3
What is the hundred thousands digit of 28577406?
5
What is the hundreds digit of 5816691?
6
What is the hundred thousands digit of 3651407?
6
What is the ten thousands digit of 5624066?
2
What is the tens digit of 775657?
5
What is the hundred thousands digit of 2703417?
7
What is the units digit of 756576?
6
What is the thousands digit of 24369816?
9
What is the units digit of 46909?
9
What is the hundred thousands digit of 169522?
1
What is the units digit of 23649562?
2
What is the millions digit of 7443375?
7
What is the units digit of 495781?
1
What is the tens digit of 7204724?
2
What is the hundreds digit of 4353425?
4
What is the thousands digit of 538801?
8
What is the units digit of 9428123?
3
What is the tens digit of 4597815?
1
What is the hundred thousands digit of 1649962?
6
What is the tens digit of 4833595?
9
What is the hundred thousands digit of 306865?
3
What is the ten thousands digit of 706282?
0
What is the thousands digit of 8869?
8
What is the ten thousands digit of 403395?
0
What is the thousands digit of 6589530?
9
What is the thousands digit of 5141911?
1
What is the tens digit of 6121134?
3
What is the hundred thousands digit of 302549?
3
What is the hundred thousands digit of 145515?
1
What is the ten thousands digit of 43269?
4
What is the tens digit of 307743?
4
What is the hundreds digit of 2232319?
3
What is the units digit of 9054990?
0
What is the ten thousands digit of 83154?
8
What is the tens digit of 85228?
2
What is the hundred thousands digit of 647368?
6
What is the ten thousands digit of 9135232?
3
What is the ten millions digit of 23543418?
2
What is the tens digit of 3097625?
2
What is the tens digit of 1132924?
2
What is the thousands digit of 180784?
0
What is the millions digit of 1532529?
1
What is the hundreds digit of 2279716?
7
What is the tens digit of 894699?
9
What